1
Suppose 16*b - 11*b + 15 = 5*t, -4*t = 5*b - 21. Let h(y) = 9*y**2 - y + 1. Give h(b).
9
Let z(a) = -7*a**3 + 2*a**2 - a + 2. Let p(j) = -j + 1. Let g(r) = -2*p(r) + z(r). Give g(-1).
8
Let g(l) be the second derivative of l**3 + 5/12*l**4 + 3*l + 0 + 1/20*l**5 + 2*l**2. Calculate g(-4).
-4
Let x be 4/(-24)*30/(-12). Let k(y) be the second derivative of x*y**4 + 1/20*y**5 - 7/6*y**3 - y + 0 - 5/2*y**2. Calculate k(-6).
1
Let z(k) = 748*k**2 + k**3 - 3 - 7*k - 375*k**2 - 367*k**2. Calculate z(-7).
-3
Suppose 5*a - 3*a - 4 = -4*j, 2 = -3*j - 4*a. Let c(f) = 13 + j + 12*f + 5*f**2 - 6*f**2. Let s be c(13). Let d(x) = -5*x - 1. Determine d(s).
-11
Let y(u) = 8*u**2 - 1. Suppose 22*r = 50 - 28. Calculate y(r).
7
Let f(o) = -5*o**2 - 11*o - 16. Let p(r) = -3*r**2 - 11*r - 16. Let k(d) = -2*f(d) + 3*p(d). Give k(11).
-16
Let j be 2 + -1 - (11 - 7). Let y be (-1 - 4)/(1/1) - j. Let d(t) = t**2 - 4*t - 5. Let r(k) = -k**2 + 3*k + 4. Let w(g) = 2*d(g) + 3*r(g). Give w(y).
-4
Let r(c) be the first derivative of -5/2*c**2 + 6*c + 1/3*c**3 + 35. Determine r(5).
6
Let x(a) = -3*a + 1. Let t(z) = -2*z - 2. Let b be t(-2). Suppose -4*h - 40 = b*d, 0 = -4*h + 2*d + d - 60. Let o = 13 + h. Determine x(o).
-2
Let v(x) = -1. Let w(c) = -c - 3. Suppose k - z = -2, k = -0*k - z + 4. Let d(m) = k*w(m) - 4*v(m). What is d(-1)?
2
Let l(t) = 0 + 4 - 2*t**3 + 4 - 7 + 4*t**2. Let n(w) = -3*w**2 + 8*w + 18. Let u(a) = a**2. Let b(g) = n(g) + 4*u(g). Let p be b(-5). What is l(p)?
-17
Let s(v) = 16 - 14 - 4*v - 2 - 9. Determine s(0).
-9
Let a(v) be the third derivative of -v**5/60 - v**4/24 + v**3/3 + 37*v**2. Calculate a(-3).
-4
Let h(v) = -v. Let q be h(14). Let n = q + 19. Let w(y) be the third derivative of -y**6/120 + y**5/10 - y**4/4 - 2*y**3/3 + 10*y**2. Calculate w(n).
-9
Let o = -24 + 35. Let w be (-12)/(-4)*(3 - o). Let s = w - -18. Let c(u) = u + 5. Give c(s).
-1
Let t(n) be the third derivative of -n**5/10 - n**3/6 - 66*n**2. Determine t(1).
-7
Let a(n) = -n - 1. Let z be (-10)/(-45) + 14/18. Let b(c) = 8*c**3 - 2*c**2 + 3*c - 1. Let h be b(z). Suppose 0 = -3*o + h*o - 15. What is a(o)?
-4
Let j(y) = 2*y**3 - 14*y**2 - 13*y - 20. Let t be j(8). Let m(f) = f**2 - 5*f + 7. Determine m(t).
3
Let d(f) = 2*f**2 + f. Suppose 24 = -2*q - 5*o, -o - 16 = 5*q - 2. Let v be d(q). Let z(i) = -i - 3. What is z(v)?
-9
Suppose 3*j = 13 + 17. Suppose 4*z - j = -z. Let n(y) = y**3 + y**2 - 2*y + 1. Let c(o) = 2*o**3 + o**2 - 3*o + 2. Let w(u) = 4*c(u) - 6*n(u). Calculate w(z).
10
Let s = 106 - 58. Let n = s + 2. Let k(a) = -n - 4*a + 50. Determine k(-1).
4
Let d(o) = o - 15. Let l be d(19). Suppose -l*z + 3 = 27. Let i(q) = -q**2 + 2 - 3 - 9*q - 2. Give i(z).
15
Let g be (4/10)/((-3)/(-15)). Let l(i) = 7*i**2 + i**3 - 5*i**2 - 1 + i**g + 2*i**2. Suppose q - 25 + 6 = 4*u, -3*u = 5*q + 20. Determine l(u).
-1
Suppose 0 = -4*h - 3*k - 17, -3*h + k - 15 = 4*k. Let y be (3 + 28/(-12))/((-2)/(-18)). Let o(a) = 0*a + 3 + 59*a**2 - 3*a + y*a - 60*a**2. Determine o(h).
-7
Let b(i) = 4 + 10*i + 16*i - 31*i. Calculate b(-3).
19
Let m(r) = 3*r - 3. Let l(g) = -15*g + 16. Let v(p) = 2*l(p) + 11*m(p). Suppose -6*a = -1 - 5. Suppose d + 0*d = a. Determine v(d).
2
Let u(w) be the second derivative of w**4/12 + 2*w**3 + 3*w**2/2 + 10*w - 43. What is u(-7)?
-32
Let a be 3 - 1/(1/4). Let f(k) be the first derivative of 3*k**4/2 + 2*k**3/3 - k + 1. Give f(a).
-5
Let j(i) = i**3 + 16*i**2 + 9*i - 82. Let y be j(-15). Let g(t) = -2*t - 10. Determine g(y).
-26
Let t(l) = 2*l + 2. Let n(g) = g**3 + 2*g**2 - 8*g - 6. Suppose 26 = -3*o + 14. Let y be n(o). Determine t(y).
-10
Let l be ((-4)/4)/((-2)/(-4)). Let y be 9 + l - (1 - 3). Let k be y*((-8)/6)/4. Let d(f) = f**3 + 2*f**2 - 3*f - 1. Give d(k).
-1
Let j(z) = z - 16. Let u(t) = 1. Suppose 0 = -o - x + 3*x + 1, -5 = 5*x. Let l(m) = o*j(m) - 6*u(m). Give l(6).
4
Suppose -2*c = 2*x - 40, -3*c + 3*x + 0*x = -36. Let d(t) = 2*t - 31. Give d(c).
1
Let b(h) = 10*h**3 - h**2 + 3*h - 2. Let d be b(1). Let c be 14/6 + d/(-30). Let t be (-9)/c - 1/2. Let y(p) = -p**2 - 4*p + 4. Determine y(t).
-1
Let r be (-1 + -2)*20/(-6). Let t(m) = -m**2 - 1 - 14*m**3 - m**2 + 2 + r*m**3. What is t(1)?
-5
Let a(m) = 9 + 1 + m - 26 + 11. Give a(3).
-2
Let z(s) be the third derivative of s**5/60 - s**4/12 + 2*s**3/3 + 24*s**2 + 2*s. Give z(-3).
19
Let v(o) be the first derivative of -o**2/2 - 19*o + 96. What is v(-19)?
0
Suppose -8*b + 12 + 12 = 0. Let q(s) = 5 + b*s**3 + 0*s - 6*s**3 + 4*s**3 - s. Calculate q(0).
5
Suppose -5*c + 1 = 16. Let h = 5 + c. Let o(y) = -3*y + 3*y**2 + 2*y + 1 + 2*y + y**3 - h*y**2. What is o(-2)?
-5
Let u be (-4 - -3)*(3 + -8). Suppose q - 2*q + 4 = 0. Let w(a) = q*a**2 - 100*a**3 + 101*a**3 - 10*a**2 + 3*a - 2. Give w(u).
-12
Let x(w) be the second derivative of -w**4/12 - 4*w**3/3 - w**2 - 37*w + 1. Determine x(-7).
5
Let o = 21 - 53. Let s = -38 - o. Let x(d) = d**3 + 6*d**2 + 3*d + 9. What is x(s)?
-9
Let l(n) = n + 2. Let g(v) = 6*v - 22. Let u be g(5). What is l(u)?
10
Let a(c) = c**2 - 38*c + 4. Let t be a(38). Let x(r) = -r**3 + 5*r**2 - 5*r + 5. Calculate x(t).
1
Let b(y) = -2*y**2 + 37*y + 161. Let u be b(22). Let c(h) = 5*h. Let t(v) = -v + 1. Let g(f) = c(f) + 6*t(f). Give g(u).
-1
Let c(u) = -370 + 368 - u + 0*u. Let v be c(-8). Let y(x) = 3*x + 1. Give y(v).
19
Let g = -25 - -28. Let j(b) = -b + 1. Let f(w) = 2*w + 1. Let m(o) = f(o) - j(o). Calculate m(g).
9
Let a(z) = -3*z - 21. Let c(i) = -2*i - 25. Let n(v) = 6*a(v) - 5*c(v). Give n(3).
-25
Suppose -2*l + 3*f = 14, 4*l - 12 = 4*f - 36. Let t(d) = 4*d + 8. Calculate t(l).
-8
Suppose q - 6 = -2*q. Let r(s) = 3 - 11*s + 12*s - q*s. Give r(-3).
6
Let o(w) be the first derivative of -w**6/360 - w**5/20 + w**4/8 - 10*w**3/3 + 50. Let q(s) be the third derivative of o(s). Give q(-7).
-4
Let h(c) = -37*c**3 + 23*c**2 - 14*c - 11. Let d(p) = -13*p**3 + 8*p**2 - 5*p - 4. Let q(t) = -17*d(t) + 6*h(t). Calculate q(4).
-26
Let j(o) = -6*o - 5. Let l = -568 - -564. Determine j(l).
19
Let k be 0/(5 + (-15)/(-5)). Let q(p) = -p**2 - 3*p + 9. Calculate q(k).
9
Let d(r) = -2*r**2 - 13*r + 17. Let t be 0/9 - (-12)/2. Let b(h) = h**2 + 7*h - 9. Let g(q) = t*d(q) + 11*b(q). Determine g(3).
-9
Let x = 124 - 290. Let w = -164 - x. Let o(z) = -z**3 + z**2 + 3*z - 3. Give o(w).
-1
Let h(o) = -18*o**3 - 3*o**2 - 4*o - 2. Let k be h(-1). Suppose -2 = -2*r, 5*r = -2*t - 0*r + k. Let f(b) = -b**2 + 5*b + 8. What is f(t)?
2
Suppose 5*h = 9*h. Let x be h/(8 - 2 - 3). Let n(u) = -u - 9. Give n(x).
-9
Let b(h) = 41*h + 11. Let k(f) = 62*f + 17. Let a(r) = 8*b(r) - 5*k(r). Calculate a(-2).
-33
Let y(h) = -h - 1. Let s(z) = 2*z - 12. Let w(a) = -s(a) - 5*y(a). Give w(-7).
-4
Let l(d) = -18*d**3 - 14*d**2 + 9*d - 2. Let f(w) = -10*w**3 - 6*w**2 + 4*w - 1. Let c(p) = 9*f(p) - 4*l(p). Determine c(1).
-17
Suppose 3 = -3*k - 0. Let q(p) be the first derivative of -p**4/4 - p**2/2 - 3. Let l(y) = -4*y**3 - 7*y**2 - 9*y + 8. Let x(o) = k*l(o) + 3*q(o). Give x(-6).
-8
Let a(w) = -5*w**3 + 8*w - 6. Let c(h) = -6*h**3 - h**2 + 9*h - 6. Let z(m) = 5*a(m) - 4*c(m). Calculate z(4).
10
Let v = -26 + 18. Let l(b) be the third derivative of -b**5/60 - 3*b**4/8 + b**2 - 76. Give l(v).
8
Let o(i) be the first derivative of -i + 2 + 4*i + i**2 - 1. Suppose 3*l + 4*p = -5, -3*l - 13*p - 6 = -10*p. Calculate o(l).
-3
Let j(f) = f + 1. Let w be (-282)/(-10) + 8/10. Let h = w + -25. Let u = h - 6. Calculate j(u).
-1
Let q(n) = 4*n - 16*n + 8 + 15*n. Calculate q(-6).
-10
Let z(i) = i + 23. Let c(h) = 2*h + 20. Let g be c(-17). Calculate z(g).
9
Let v(a) = -5*a**2 - 4*a + 3. Let d(n) be the third derivative of -n**5/60 - n**4/24 + n**3/6 + 26*n**2. Let q(t) = -3*d(t) + v(t). Give q(1).
-3
Let j(z) = 3*z**2 + 6*z + 2. Let p(h) = 4*h - 133. Let b be p(32). What is j(b)?
47
Let x(r) = -21*r**2 - r. Let c(z) = 2*z**3 + 12*z**2 + 2*z + 11. Let p be c(-6). What is x(p)?
-20
Suppose 2*x = 6*x + 5*u + 21, 0 = 5*x + u + 42. Let o be (-29)/x + (-10)/45. Let g(j) be the third derivative of -j**4/8 + j**3/2 - j**2 + 7*j. Calculate g(o).
-6
Let q(g) be the second derivative of -g**4/12 + 4*g**3/3 - 3*g**2/2 + 2*g + 301. Let k(o) = 5*o. Let m be k(2). Suppose 0*j + 2*j - m = 0. Calculate q(j).
12
Let g = -31 - -45. Let b = -10 + g. Let h(x) = 5*x